{"id":4243,"date":"2023-05-11T12:59:51","date_gmt":"2023-05-11T10:59:51","guid":{"rendered":"https:\/\/sklep.fundacjamalak.pl\/?post_type=product&#038;p=4243"},"modified":"2026-04-18T23:55:28","modified_gmt":"2026-04-18T21:55:28","slug":"spowiedz-instrukcja-obslugi-adam-szustak-op","status":"publish","type":"product","link":"https:\/\/fundacjamalak.pl\/sklep\/produkt\/ksiazki\/spowiedz-instrukcja-obslugi-adam-szustak-op\/","title":{"rendered":"Spowied\u017a. Instrukcja obs\u0142ugi &#8211; Adam Szustak OP"},"content":{"rendered":"<div style=\"text-align: left;\">\n<p>Ksi\u0105\u017cka to teoretyczny i praktyczny przewodnik po nie\u0142atwym dla wielu sakramencie pokuty i pojednania, a tak\u017ce wyja\u015bnienie czym dok\u0142adnie jest szczera spowied\u017a. Adam Szustak radzi jak si\u0119 spowiada\u0107, a tak\u017ce w prosty, konkretny, ale i oryginalny spos\u00f3b mierzy si\u0119 z w\u0105tpliwo\u015bciami, niejasno\u015bciami, l\u0119kami oraz uprzedzeniami, kt\u00f3re z czasem naros\u0142y wok\u00f3\u0142 wyznania grzech\u00f3w. Jednocze\u015bnie z niesamowit\u0105 wyrazisto\u015bci\u0105 ukazuje spowied\u017a jako jeden z najbardziej dotykalnych \u015blad\u00f3w Boga w Ko\u015bciele, pewnik\u00f3w Jego obecno\u015bci i najlepszy przyk\u0142ad Jego wszechmocy.<\/p>\n<p>Adam Szustak \u2013 &#8222;Spowied\u017a. Instrukcja Obs\u0142ugi&#8221;<\/p>\n<p>Jak odr\u00f3\u017cni\u0107 grzech ci\u0119\u017cki od lekkiego, z czego nie wolno si\u0119 spowiada\u0107 i kiedy nie mo\u017cna otrzyma\u0107 rozgrzeszenia \u2013 o wszystkim tym opowiada ojciec Adam Szustak. &#8222;Spowied\u017a. Instrukcja obs\u0142ugi&#8221; sk\u0142ada si\u0119 z dw\u00f3ch cz\u0119\u015bci: teoretycznej i praktycznej. Pierwsza z nich zawiera komentarz do dw\u00f3ch biblijnych \u201espowiedzi\u201d, kt\u00f3re sprawowa\u0142 sam Pan Jezus. Autor pokazuje Chrystusa, kt\u00f3ry spotykaj\u0105c ze swoim mi\u0142osierdziem dw\u00f3ch aposto\u0142\u00f3w, Piotra i Judasza, po pierwsze wyja\u015bni\u0142, o co naprawd\u0119 b\u0119dzie chodzi\u0142o w spowiedzi, gdy b\u0119dzie sprawowa\u0142 j\u0105 Ko\u015bci\u00f3\u0142, po drugie za\u015b opowiedzia\u0142, do jakiej relacji z Sob\u0105 chce zaprosi\u0107 ka\u017cdego grzesznika.<\/p>\n<p>Jak si\u0119 spowiada\u0107? Instrukcja obs\u0142ugi<\/p>\n<p>Druga cz\u0119\u015b\u0107 ksi\u0105\u017cki to sama praktyka: porady jak si\u0119 spowiada\u0107. Adam Szustak szczeg\u00f3\u0142owo, a zarazem bardzo przyst\u0119pnie i zrozumiale omawia poszczeg\u00f3lne warunki spowiedzi, czyli rachunek sumienia, \u017cal, wyznanie grzech\u00f3w oraz zado\u015b\u0107uczynienie i pokut\u0119. Autor opowiada mi\u0119dzy innymi o tym, jak przygotowa\u0107 si\u0119 do sakramentu.<\/p>\n<p>Przeczytaj t\u0119 ksi\u0105\u017ck\u0119, je\u015bli szukasz odpowiedzi na pytania:<\/p>\n<ul>\n<li>Jak odr\u00f3\u017cni\u0107 grzechy ci\u0119\u017ckie i lekkie?<\/li>\n<li>Z czego nie wolno si\u0119 spowiada\u0107?<\/li>\n<li>Czym jest grzech przeciwko Duchowi \u015awi\u0119temu?<\/li>\n<li>Kt\u00f3re grzechy wo\u0142aj\u0105 o pomst\u0119 do nieba?<\/li>\n<li>Jak cz\u0119sto, gdzie, kiedy i u kogo si\u0119 spowiada\u0107?<\/li>\n<li>Dla kogo jest spowied\u017a generalna?<\/li>\n<li>Jak si\u0119 dobrze wyspowiada\u0107?<\/li>\n<li>Kiedy nie mo\u017cna dosta\u0107 rozgrzeszenia?<\/li>\n<li>Do czego potrzebna jest nam pokuta?<\/li>\n<li>Jaka jest r\u00f3\u017cnica mi\u0119dzy sta\u0142ym spowiednikiem a kierownikiem duchowym?<\/li>\n<li>Po co si\u0119 spowiada\u0107 ksi\u0119dzu, skoro mo\u017cna spowiada\u0107 si\u0119 Bogu?<\/li>\n<\/ul>\n<p>&nbsp;<\/p>\n<p>Od Autora:<\/p>\n<p><em>Je\u017celi jeste\u015b grzesznikiem, a w szczeg\u00f3lno\u015bci je\u017celi masz poczucie, \u017ce nie potrafisz sobie poradzi\u0107 z w\u0142asnym grzechem i ju\u017c dotar\u0142o do Ciebie albo mo\u017ce w\u0142a\u015bnie do Ciebie dociera, \u017ce Twoje grzechy rujnuj\u0105 nie tylko Ciebie (bo to jest dosy\u0107 oczywiste), ale rujnuj\u0105 tak\u017ce Bo\u017ce serce, to potrzebujesz jednego, prostego rozwi\u0105zania. Potrzebujesz spowiedzi. Potrzebujesz spotkania z Bogiem, kt\u00f3ry jednym s\u0142owem, jednym spojrzeniem mi\u0142o\u015bci zniszczy ca\u0142e to z\u0142o. Tak\u0105 pot\u0119g\u0119 B\u00f3g nam zostawi\u0142 w sakramencie spowiedzi.<\/em><br \/>\n<em>\u00a0<\/em><br \/>\n<em>Chcia\u0142bym wi\u0119c w tej ksi\u0105\u017cce wzi\u0105\u0107 na warsztat w\u0142a\u015bnie ten\u00a0sakrament \u2013 jednocze\u015bnie\u00a0niezwyk\u0142y i sprawiaj\u0105cy bardzo wiele k\u0142opot\u00f3w. Chc\u0119 pokaza\u0107 Ci, o co chodzi w spowiedzi, jak si\u0119 do niej przygotowa\u0107, jak si\u0119 dobrze wyspowiada\u0107 i jak sprawi\u0107, \u017ceby by\u0142a ona jak najbardziej owocna. B\u0119dzie to wi\u0119c swoista instrukcja obs\u0142ugi tego sakramentu, zar\u00f3wno teoretyczna, jak i praktyczna.<\/em><br \/>\n<em>Adam Szustak OP<\/em><\/p>\n<p><strong>Ca\u0142kowity doch\u00f3d ze sprzeda\u017cy w sklepie Malak przeznaczony jest\u00a0<\/strong><strong>na dzia\u0142ania i pomoc charytatywn\u0105\u00a0<\/strong><strong>realizowan\u0105 przez\u00a0<a href=\"https:\/\/fundacjamalak.pl\/\">Fundacj\u0119 Malak<\/a>.<\/strong><\/p>\n<p style=\"color: #333333; font-size: 12px; font-family: Tahoma, Arial, sans-serif; text-align: center;\">\n<\/div>\n<div style=\"text-align: left;\">\n<p style=\"text-align: center;\">\n<\/div>\n","protected":false},"excerpt":{"rendered":"<p>Ksi\u0105\u017cka to teoretyczny i praktyczny przewodnik po nie\u0142atwym dla wielu sakramencie pokuty i pojednania, a tak\u017ce wyja\u015bnienie czym dok\u0142adnie jest szczera spowied\u017a. Adam Szustak radzi jak si\u0119 spowiada\u0107, a tak\u017ce w prosty, konkretny, ale i oryginalny spos\u00f3b mierzy si\u0119 z w\u0105tpliwo\u015bciami, niejasno\u015bciami, l\u0119kami oraz uprzedzeniami, kt\u00f3re z czasem naros\u0142y wok\u00f3\u0142 wyznania grzech\u00f3w. Jednocze\u015bnie z niesamowit\u0105 wyrazisto\u015bci\u0105 ukazuje spowied\u017a jako jeden z najbardziej dotykalnych \u015blad\u00f3w Boga w Ko\u015bciele, pewnik\u00f3w Jego obecno\u015bci i najlepszy przyk\u0142ad Jego wszechmocy.<\/p>\n","protected":false},"featured_media":4919,"template":"","meta":{"_acf_changed":false},"product_brand":[],"product_cat":[69,68],"product_tag":[57,66,67],"class_list":{"0":"post-4243","1":"product","2":"type-product","3":"status-publish","4":"has-post-thumbnail","6":"product_cat-adam-szustak-op","7":"product_cat-ksiazki","8":"product_tag-adam-szustak-op","9":"product_tag-spowiedz","10":"product_tag-spowiedz-instrukcja-obslugui","12":"first","13":"instock","14":"taxable","15":"shipping-taxable","16":"purchasable","17":"product-type-variable","18":"has-default-attributes"},"acf":[],"yoast_head":"<!-- This site is optimized with the Yoast SEO plugin v27.1.1 - https:\/\/yoast.com\/product\/yoast-seo-wordpress\/ -->\n<title>Spowied\u017a. Instrukcja obs\u0142ugi - Adam Szustak OP - Sklep Malak<\/title>\n<meta name=\"robots\" content=\"index, follow, max-snippet:-1, max-image-preview:large, max-video-preview:-1\" \/>\n<link rel=\"canonical\" href=\"https:\/\/fundacjamalak.pl\/sklep\/produkt\/ksiazki\/spowiedz-instrukcja-obslugi-adam-szustak-op\/\" \/>\n<meta property=\"og:locale\" content=\"pl_PL\" \/>\n<meta property=\"og:type\" content=\"article\" \/>\n<meta property=\"og:title\" content=\"Spowied\u017a. Instrukcja obs\u0142ugi - Adam Szustak OP - Sklep Malak\" \/>\n<meta property=\"og:description\" content=\"Ksi\u0105\u017cka to teoretyczny i praktyczny przewodnik po nie\u0142atwym dla wielu sakramencie pokuty i pojednania, a tak\u017ce wyja\u015bnienie czym dok\u0142adnie jest szczera spowied\u017a. Adam Szustak radzi jak si\u0119 spowiada\u0107, a tak\u017ce w prosty, konkretny, ale i oryginalny spos\u00f3b mierzy si\u0119 z w\u0105tpliwo\u015bciami, niejasno\u015bciami, l\u0119kami oraz uprzedzeniami, kt\u00f3re z czasem naros\u0142y wok\u00f3\u0142 wyznania grzech\u00f3w. Jednocze\u015bnie z niesamowit\u0105 wyrazisto\u015bci\u0105 ukazuje spowied\u017a jako jeden z najbardziej dotykalnych \u015blad\u00f3w Boga w Ko\u015bciele, pewnik\u00f3w Jego obecno\u015bci i najlepszy przyk\u0142ad Jego wszechmocy.\" \/>\n<meta property=\"og:url\" content=\"https:\/\/fundacjamalak.pl\/sklep\/produkt\/ksiazki\/spowiedz-instrukcja-obslugi-adam-szustak-op\/\" \/>\n<meta property=\"og:site_name\" content=\"Sklep Malak\" \/>\n<meta property=\"article:publisher\" content=\"https:\/\/www.facebook.com\/FundacjaMalak\" \/>\n<meta property=\"article:modified_time\" content=\"2026-04-18T21:55:28+00:00\" \/>\n<meta property=\"og:image\" content=\"https:\/\/fundacjamalak.pl\/sklep\/wp-content\/uploads\/2023\/10\/Spowiedz-instrukcja-obslugi-ksiazka-Adam-Szustak-OP.png\" \/>\n\t<meta property=\"og:image:width\" content=\"1280\" \/>\n\t<meta property=\"og:image:height\" content=\"1588\" \/>\n\t<meta property=\"og:image:type\" content=\"image\/png\" \/>\n<meta name=\"twitter:card\" content=\"summary_large_image\" \/>\n<meta name=\"twitter:label1\" content=\"Szacowany czas czytania\" \/>\n\t<meta name=\"twitter:data1\" content=\"3 minuty\" \/>\n<script type=\"application\/ld+json\" class=\"yoast-schema-graph\">{\"@context\":\"https:\/\/schema.org\",\"@graph\":[{\"@type\":\"WebPage\",\"@id\":\"https:\/\/fundacjamalak.pl\/sklep\/produkt\/ksiazki\/spowiedz-instrukcja-obslugi-adam-szustak-op\/\",\"url\":\"https:\/\/fundacjamalak.pl\/sklep\/produkt\/ksiazki\/spowiedz-instrukcja-obslugi-adam-szustak-op\/\",\"name\":\"Spowied\u017a. Instrukcja obs\u0142ugi - Adam Szustak OP - Sklep Malak\",\"isPartOf\":{\"@id\":\"https:\/\/sklepmalak.pl\/#website\"},\"primaryImageOfPage\":{\"@id\":\"https:\/\/fundacjamalak.pl\/sklep\/produkt\/ksiazki\/spowiedz-instrukcja-obslugi-adam-szustak-op\/#primaryimage\"},\"image\":{\"@id\":\"https:\/\/fundacjamalak.pl\/sklep\/produkt\/ksiazki\/spowiedz-instrukcja-obslugi-adam-szustak-op\/#primaryimage\"},\"thumbnailUrl\":\"https:\/\/fundacjamalak.pl\/sklep\/wp-content\/uploads\/2023\/10\/Spowiedz-instrukcja-obslugi-ksiazka-Adam-Szustak-OP.png\",\"datePublished\":\"2023-05-11T10:59:51+00:00\",\"dateModified\":\"2026-04-18T21:55:28+00:00\",\"breadcrumb\":{\"@id\":\"https:\/\/fundacjamalak.pl\/sklep\/produkt\/ksiazki\/spowiedz-instrukcja-obslugi-adam-szustak-op\/#breadcrumb\"},\"inLanguage\":\"pl-PL\",\"potentialAction\":[{\"@type\":\"ReadAction\",\"target\":[\"https:\/\/fundacjamalak.pl\/sklep\/produkt\/ksiazki\/spowiedz-instrukcja-obslugi-adam-szustak-op\/\"]}]},{\"@type\":\"ImageObject\",\"inLanguage\":\"pl-PL\",\"@id\":\"https:\/\/fundacjamalak.pl\/sklep\/produkt\/ksiazki\/spowiedz-instrukcja-obslugi-adam-szustak-op\/#primaryimage\",\"url\":\"https:\/\/fundacjamalak.pl\/sklep\/wp-content\/uploads\/2023\/10\/Spowiedz-instrukcja-obslugi-ksiazka-Adam-Szustak-OP.png\",\"contentUrl\":\"https:\/\/fundacjamalak.pl\/sklep\/wp-content\/uploads\/2023\/10\/Spowiedz-instrukcja-obslugi-ksiazka-Adam-Szustak-OP.png\",\"width\":1280,\"height\":1588},{\"@type\":\"BreadcrumbList\",\"@id\":\"https:\/\/fundacjamalak.pl\/sklep\/produkt\/ksiazki\/spowiedz-instrukcja-obslugi-adam-szustak-op\/#breadcrumb\",\"itemListElement\":[{\"@type\":\"ListItem\",\"position\":1,\"name\":\"Strona g\u0142\u00f3wna\",\"item\":\"https:\/\/sklepmalak.pl\/\"},{\"@type\":\"ListItem\",\"position\":2,\"name\":\"Sklep\",\"item\":\"https:\/\/sklepmalak.pl\/\"},{\"@type\":\"ListItem\",\"position\":3,\"name\":\"Spowied\u017a. Instrukcja obs\u0142ugi &#8211; Adam Szustak OP\"}]},{\"@type\":\"WebSite\",\"@id\":\"https:\/\/sklepmalak.pl\/#website\",\"url\":\"https:\/\/sklepmalak.pl\/\",\"name\":\"Sklep Malak\",\"description\":\"Nie ma zwyk\u0142ych chwil!\",\"publisher\":{\"@id\":\"https:\/\/sklepmalak.pl\/#organization\"},\"potentialAction\":[{\"@type\":\"SearchAction\",\"target\":{\"@type\":\"EntryPoint\",\"urlTemplate\":\"https:\/\/sklepmalak.pl\/?s={search_term_string}\"},\"query-input\":{\"@type\":\"PropertyValueSpecification\",\"valueRequired\":true,\"valueName\":\"search_term_string\"}}],\"inLanguage\":\"pl-PL\"},{\"@type\":\"Organization\",\"@id\":\"https:\/\/sklepmalak.pl\/#organization\",\"name\":\"Sklep Malak\",\"alternateName\":\"Sklep Fundacji Malak\",\"url\":\"https:\/\/sklepmalak.pl\/\",\"logo\":{\"@type\":\"ImageObject\",\"inLanguage\":\"pl-PL\",\"@id\":\"https:\/\/sklepmalak.pl\/#\/schema\/logo\/image\/\",\"url\":\"https:\/\/fundacjamalak.pl\/sklep\/wp-content\/uploads\/2023\/09\/logo.malak-14-2.png\",\"contentUrl\":\"https:\/\/fundacjamalak.pl\/sklep\/wp-content\/uploads\/2023\/09\/logo.malak-14-2.png\",\"width\":355,\"height\":355,\"caption\":\"Sklep Malak\"},\"image\":{\"@id\":\"https:\/\/sklepmalak.pl\/#\/schema\/logo\/image\/\"},\"sameAs\":[\"https:\/\/www.facebook.com\/FundacjaMalak\",\"https:\/\/www.instagram.com\/fundacjamalak\"]}]}<\/script>\n<!-- \/ Yoast SEO plugin. -->","yoast_head_json":{"title":"Spowied\u017a. Instrukcja obs\u0142ugi - Adam Szustak OP - Sklep Malak","robots":{"index":"index","follow":"follow","max-snippet":"max-snippet:-1","max-image-preview":"max-image-preview:large","max-video-preview":"max-video-preview:-1"},"canonical":"https:\/\/fundacjamalak.pl\/sklep\/produkt\/ksiazki\/spowiedz-instrukcja-obslugi-adam-szustak-op\/","og_locale":"pl_PL","og_type":"article","og_title":"Spowied\u017a. Instrukcja obs\u0142ugi - Adam Szustak OP - Sklep Malak","og_description":"Ksi\u0105\u017cka to teoretyczny i praktyczny przewodnik po nie\u0142atwym dla wielu sakramencie pokuty i pojednania, a tak\u017ce wyja\u015bnienie czym dok\u0142adnie jest szczera spowied\u017a. Adam Szustak radzi jak si\u0119 spowiada\u0107, a tak\u017ce w prosty, konkretny, ale i oryginalny spos\u00f3b mierzy si\u0119 z w\u0105tpliwo\u015bciami, niejasno\u015bciami, l\u0119kami oraz uprzedzeniami, kt\u00f3re z czasem naros\u0142y wok\u00f3\u0142 wyznania grzech\u00f3w. Jednocze\u015bnie z niesamowit\u0105 wyrazisto\u015bci\u0105 ukazuje spowied\u017a jako jeden z najbardziej dotykalnych \u015blad\u00f3w Boga w Ko\u015bciele, pewnik\u00f3w Jego obecno\u015bci i najlepszy przyk\u0142ad Jego wszechmocy.","og_url":"https:\/\/fundacjamalak.pl\/sklep\/produkt\/ksiazki\/spowiedz-instrukcja-obslugi-adam-szustak-op\/","og_site_name":"Sklep Malak","article_publisher":"https:\/\/www.facebook.com\/FundacjaMalak","article_modified_time":"2026-04-18T21:55:28+00:00","og_image":[{"width":1280,"height":1588,"url":"https:\/\/fundacjamalak.pl\/sklep\/wp-content\/uploads\/2023\/10\/Spowiedz-instrukcja-obslugi-ksiazka-Adam-Szustak-OP.png","type":"image\/png"}],"twitter_card":"summary_large_image","twitter_misc":{"Szacowany czas czytania":"3 minuty"},"schema":{"@context":"https:\/\/schema.org","@graph":[{"@type":"WebPage","@id":"https:\/\/fundacjamalak.pl\/sklep\/produkt\/ksiazki\/spowiedz-instrukcja-obslugi-adam-szustak-op\/","url":"https:\/\/fundacjamalak.pl\/sklep\/produkt\/ksiazki\/spowiedz-instrukcja-obslugi-adam-szustak-op\/","name":"Spowied\u017a. Instrukcja obs\u0142ugi - Adam Szustak OP - Sklep Malak","isPartOf":{"@id":"https:\/\/sklepmalak.pl\/#website"},"primaryImageOfPage":{"@id":"https:\/\/fundacjamalak.pl\/sklep\/produkt\/ksiazki\/spowiedz-instrukcja-obslugi-adam-szustak-op\/#primaryimage"},"image":{"@id":"https:\/\/fundacjamalak.pl\/sklep\/produkt\/ksiazki\/spowiedz-instrukcja-obslugi-adam-szustak-op\/#primaryimage"},"thumbnailUrl":"https:\/\/fundacjamalak.pl\/sklep\/wp-content\/uploads\/2023\/10\/Spowiedz-instrukcja-obslugi-ksiazka-Adam-Szustak-OP.png","datePublished":"2023-05-11T10:59:51+00:00","dateModified":"2026-04-18T21:55:28+00:00","breadcrumb":{"@id":"https:\/\/fundacjamalak.pl\/sklep\/produkt\/ksiazki\/spowiedz-instrukcja-obslugi-adam-szustak-op\/#breadcrumb"},"inLanguage":"pl-PL","potentialAction":[{"@type":"ReadAction","target":["https:\/\/fundacjamalak.pl\/sklep\/produkt\/ksiazki\/spowiedz-instrukcja-obslugi-adam-szustak-op\/"]}]},{"@type":"ImageObject","inLanguage":"pl-PL","@id":"https:\/\/fundacjamalak.pl\/sklep\/produkt\/ksiazki\/spowiedz-instrukcja-obslugi-adam-szustak-op\/#primaryimage","url":"https:\/\/fundacjamalak.pl\/sklep\/wp-content\/uploads\/2023\/10\/Spowiedz-instrukcja-obslugi-ksiazka-Adam-Szustak-OP.png","contentUrl":"https:\/\/fundacjamalak.pl\/sklep\/wp-content\/uploads\/2023\/10\/Spowiedz-instrukcja-obslugi-ksiazka-Adam-Szustak-OP.png","width":1280,"height":1588},{"@type":"BreadcrumbList","@id":"https:\/\/fundacjamalak.pl\/sklep\/produkt\/ksiazki\/spowiedz-instrukcja-obslugi-adam-szustak-op\/#breadcrumb","itemListElement":[{"@type":"ListItem","position":1,"name":"Strona g\u0142\u00f3wna","item":"https:\/\/sklepmalak.pl\/"},{"@type":"ListItem","position":2,"name":"Sklep","item":"https:\/\/sklepmalak.pl\/"},{"@type":"ListItem","position":3,"name":"Spowied\u017a. Instrukcja obs\u0142ugi &#8211; Adam Szustak OP"}]},{"@type":"WebSite","@id":"https:\/\/sklepmalak.pl\/#website","url":"https:\/\/sklepmalak.pl\/","name":"Sklep Malak","description":"Nie ma zwyk\u0142ych chwil!","publisher":{"@id":"https:\/\/sklepmalak.pl\/#organization"},"potentialAction":[{"@type":"SearchAction","target":{"@type":"EntryPoint","urlTemplate":"https:\/\/sklepmalak.pl\/?s={search_term_string}"},"query-input":{"@type":"PropertyValueSpecification","valueRequired":true,"valueName":"search_term_string"}}],"inLanguage":"pl-PL"},{"@type":"Organization","@id":"https:\/\/sklepmalak.pl\/#organization","name":"Sklep Malak","alternateName":"Sklep Fundacji Malak","url":"https:\/\/sklepmalak.pl\/","logo":{"@type":"ImageObject","inLanguage":"pl-PL","@id":"https:\/\/sklepmalak.pl\/#\/schema\/logo\/image\/","url":"https:\/\/fundacjamalak.pl\/sklep\/wp-content\/uploads\/2023\/09\/logo.malak-14-2.png","contentUrl":"https:\/\/fundacjamalak.pl\/sklep\/wp-content\/uploads\/2023\/09\/logo.malak-14-2.png","width":355,"height":355,"caption":"Sklep Malak"},"image":{"@id":"https:\/\/sklepmalak.pl\/#\/schema\/logo\/image\/"},"sameAs":["https:\/\/www.facebook.com\/FundacjaMalak","https:\/\/www.instagram.com\/fundacjamalak"]}]}},"_links":{"self":[{"href":"https:\/\/fundacjamalak.pl\/sklep\/wp-json\/wp\/v2\/product\/4243","targetHints":{"allow":["GET"]}}],"collection":[{"href":"https:\/\/fundacjamalak.pl\/sklep\/wp-json\/wp\/v2\/product"}],"about":[{"href":"https:\/\/fundacjamalak.pl\/sklep\/wp-json\/wp\/v2\/types\/product"}],"wp:featuredmedia":[{"embeddable":true,"href":"https:\/\/fundacjamalak.pl\/sklep\/wp-json\/wp\/v2\/media\/4919"}],"wp:attachment":[{"href":"https:\/\/fundacjamalak.pl\/sklep\/wp-json\/wp\/v2\/media?parent=4243"}],"wp:term":[{"taxonomy":"product_brand","embeddable":true,"href":"https:\/\/fundacjamalak.pl\/sklep\/wp-json\/wp\/v2\/product_brand?post=4243"},{"taxonomy":"product_cat","embeddable":true,"href":"https:\/\/fundacjamalak.pl\/sklep\/wp-json\/wp\/v2\/product_cat?post=4243"},{"taxonomy":"product_tag","embeddable":true,"href":"https:\/\/fundacjamalak.pl\/sklep\/wp-json\/wp\/v2\/product_tag?post=4243"}],"curies":[{"name":"wp","href":"https:\/\/api.w.org\/{rel}","templated":true}]}}