{"id":8778,"date":"2025-09-29T13:54:04","date_gmt":"2025-09-29T11:54:04","guid":{"rendered":"https:\/\/fundacjamalak.pl\/sklep\/?post_type=product&#038;p=8778"},"modified":"2026-04-08T22:32:30","modified_gmt":"2026-04-08T20:32:30","slug":"samodyscyplina-milosci-aleksandra-murphy","status":"publish","type":"product","link":"https:\/\/fundacjamalak.pl\/sklep\/produkt\/ksiazki\/samodyscyplina-milosci-aleksandra-murphy\/","title":{"rendered":"Samodyscyplina mi\u0142o\u015bci &#8211; Aleksandra Murphy | Nowo\u015b\u0107!"},"content":{"rendered":"<p>Samodyscyplina mi\u0142o\u015bci uczy trwa\u0142ych zmian na poziomie to\u017csamo\u015bci, poprawia zdrowie fizyczne i psychiczne oraz wspiera w budowaniu sp\u00f3jnego \u017cycia. Aleksandra Murphy w swojej metodzie \u0142\u0105czy wiedz\u0119, wiar\u0119 oraz praktyczne narz\u0119dzia do pracy nad sob\u0105.<\/p>\n","protected":false},"excerpt":{"rendered":"<div dir=\"auto\"> Samodyscyplina mi\u0142o\u015bci to styl \u017cycia, oparty na wolno\u015bci, odpowiedzialno\u015bci i praktyce \u015bwiadomego \u017cycia. To nauka mi\u0142o\u015bci do siebie, kt\u00f3ra staje si\u0119 fundamentem do budowania prawdziwych i silnych relacji z drugim Cz\u0142owiekiem i Stw\u00f3rc\u0105. Metoda<strong>\u00a010 krok\u00f3w samodyscypliny mi\u0142o\u015bci<\/strong>, opisana w ksi\u0105\u017cce, to mapa pracy nad sob\u0105 \u2013 oparta na wiedzy naukowej, do\u015bwiadczeniu i praktyce. To nie poradnik, ale droga do \u017cycia w pe\u0142ni! W jej centrum stoi jedno z najbardziej wymagaj\u0105cych przykaza\u0144 &#8222;Kochaj bli\u017aniego swego, jak siebie samego&#8221;, bowiem nie dasz nikomu tego, czego sam nie masz!\u00a0 <strong><\/strong><\/div>\n","protected":false},"featured_media":8770,"template":"","meta":{"_acf_changed":false},"product_brand":[],"product_cat":[345,340,68,71,288],"product_tag":[],"class_list":{"0":"post-8778","1":"product","2":"type-product","3":"status-publish","4":"has-post-thumbnail","6":"product_cat-cegielki","7":"product_cat-samodyscyplina-milosci","8":"product_cat-ksiazki","9":"product_cat-edukacja-i-rozwoj","10":"product_cat-okazje-i-nowosci","12":"first","13":"instock","14":"taxable","15":"shipping-taxable","16":"purchasable","17":"product-type-variable","18":"has-default-attributes"},"acf":[],"yoast_head":"<!-- This site is optimized with the Yoast SEO plugin v27.1.1 - https:\/\/yoast.com\/product\/yoast-seo-wordpress\/ -->\n<title>Samodyscyplina mi\u0142o\u015bci - Aleksandra Murphy | Nowo\u015b\u0107! - Sklep Malak<\/title>\n<meta name=\"robots\" content=\"index, follow, max-snippet:-1, max-image-preview:large, max-video-preview:-1\" \/>\n<link rel=\"canonical\" href=\"https:\/\/fundacjamalak.pl\/sklep\/produkt\/ksiazki\/samodyscyplina-milosci-aleksandra-murphy\/\" \/>\n<meta property=\"og:locale\" content=\"pl_PL\" \/>\n<meta property=\"og:type\" content=\"article\" \/>\n<meta property=\"og:title\" content=\"Samodyscyplina mi\u0142o\u015bci - Aleksandra Murphy | Nowo\u015b\u0107! - Sklep Malak\" \/>\n<meta property=\"og:description\" content=\"Samodyscyplina mi\u0142o\u015bci to styl \u017cycia, oparty na wolno\u015bci, odpowiedzialno\u015bci i praktyce \u015bwiadomego \u017cycia. To nauka mi\u0142o\u015bci do siebie, kt\u00f3ra staje si\u0119 fundamentem do budowania prawdziwych i silnych relacji z drugim Cz\u0142owiekiem i Stw\u00f3rc\u0105. Metoda\u00a010 krok\u00f3w samodyscypliny mi\u0142o\u015bci, opisana w ksi\u0105\u017cce, to mapa pracy nad sob\u0105 \u2013 oparta na wiedzy naukowej, do\u015bwiadczeniu i praktyce. To nie poradnik, ale droga do \u017cycia w pe\u0142ni! W jej centrum stoi jedno z najbardziej wymagaj\u0105cych przykaza\u0144 &quot;Kochaj bli\u017aniego swego, jak siebie samego&quot;, bowiem nie dasz nikomu tego, czego sam nie masz!\u00a0\" \/>\n<meta property=\"og:url\" content=\"https:\/\/fundacjamalak.pl\/sklep\/produkt\/ksiazki\/samodyscyplina-milosci-aleksandra-murphy\/\" \/>\n<meta property=\"og:site_name\" content=\"Sklep Malak\" \/>\n<meta property=\"article:publisher\" content=\"https:\/\/www.facebook.com\/FundacjaMalak\" \/>\n<meta property=\"article:modified_time\" content=\"2026-04-08T20:32:30+00:00\" \/>\n<meta property=\"og:image\" content=\"https:\/\/fundacjamalak.pl\/sklep\/wp-content\/uploads\/2025\/09\/Samodyscyplina-milosci-Aleksandra-Murphy.png\" \/>\n\t<meta property=\"og:image:width\" content=\"1280\" \/>\n\t<meta property=\"og:image:height\" content=\"1588\" \/>\n\t<meta property=\"og:image:type\" content=\"image\/png\" \/>\n<meta name=\"twitter:card\" content=\"summary_large_image\" \/>\n<meta name=\"twitter:label1\" content=\"Szacowany czas czytania\" \/>\n\t<meta name=\"twitter:data1\" content=\"1 minuta\" \/>\n<script type=\"application\/ld+json\" class=\"yoast-schema-graph\">{\"@context\":\"https:\/\/schema.org\",\"@graph\":[{\"@type\":\"WebPage\",\"@id\":\"https:\/\/fundacjamalak.pl\/sklep\/produkt\/ksiazki\/samodyscyplina-milosci-aleksandra-murphy\/\",\"url\":\"https:\/\/fundacjamalak.pl\/sklep\/produkt\/ksiazki\/samodyscyplina-milosci-aleksandra-murphy\/\",\"name\":\"Samodyscyplina mi\u0142o\u015bci - Aleksandra Murphy | Nowo\u015b\u0107! - Sklep Malak\",\"isPartOf\":{\"@id\":\"https:\/\/sklepmalak.pl\/#website\"},\"primaryImageOfPage\":{\"@id\":\"https:\/\/fundacjamalak.pl\/sklep\/produkt\/ksiazki\/samodyscyplina-milosci-aleksandra-murphy\/#primaryimage\"},\"image\":{\"@id\":\"https:\/\/fundacjamalak.pl\/sklep\/produkt\/ksiazki\/samodyscyplina-milosci-aleksandra-murphy\/#primaryimage\"},\"thumbnailUrl\":\"https:\/\/fundacjamalak.pl\/sklep\/wp-content\/uploads\/2025\/09\/Samodyscyplina-milosci-Aleksandra-Murphy.png\",\"datePublished\":\"2025-09-29T11:54:04+00:00\",\"dateModified\":\"2026-04-08T20:32:30+00:00\",\"breadcrumb\":{\"@id\":\"https:\/\/fundacjamalak.pl\/sklep\/produkt\/ksiazki\/samodyscyplina-milosci-aleksandra-murphy\/#breadcrumb\"},\"inLanguage\":\"pl-PL\",\"potentialAction\":[{\"@type\":\"ReadAction\",\"target\":[\"https:\/\/fundacjamalak.pl\/sklep\/produkt\/ksiazki\/samodyscyplina-milosci-aleksandra-murphy\/\"]}]},{\"@type\":\"ImageObject\",\"inLanguage\":\"pl-PL\",\"@id\":\"https:\/\/fundacjamalak.pl\/sklep\/produkt\/ksiazki\/samodyscyplina-milosci-aleksandra-murphy\/#primaryimage\",\"url\":\"https:\/\/fundacjamalak.pl\/sklep\/wp-content\/uploads\/2025\/09\/Samodyscyplina-milosci-Aleksandra-Murphy.png\",\"contentUrl\":\"https:\/\/fundacjamalak.pl\/sklep\/wp-content\/uploads\/2025\/09\/Samodyscyplina-milosci-Aleksandra-Murphy.png\",\"width\":1280,\"height\":1588},{\"@type\":\"BreadcrumbList\",\"@id\":\"https:\/\/fundacjamalak.pl\/sklep\/produkt\/ksiazki\/samodyscyplina-milosci-aleksandra-murphy\/#breadcrumb\",\"itemListElement\":[{\"@type\":\"ListItem\",\"position\":1,\"name\":\"Strona g\u0142\u00f3wna\",\"item\":\"https:\/\/sklepmalak.pl\/\"},{\"@type\":\"ListItem\",\"position\":2,\"name\":\"Sklep\",\"item\":\"https:\/\/sklepmalak.pl\/\"},{\"@type\":\"ListItem\",\"position\":3,\"name\":\"Samodyscyplina mi\u0142o\u015bci &#8211; Aleksandra Murphy | Nowo\u015b\u0107!\"}]},{\"@type\":\"WebSite\",\"@id\":\"https:\/\/sklepmalak.pl\/#website\",\"url\":\"https:\/\/sklepmalak.pl\/\",\"name\":\"Sklep Malak\",\"description\":\"Nie ma zwyk\u0142ych chwil!\",\"publisher\":{\"@id\":\"https:\/\/sklepmalak.pl\/#organization\"},\"potentialAction\":[{\"@type\":\"SearchAction\",\"target\":{\"@type\":\"EntryPoint\",\"urlTemplate\":\"https:\/\/sklepmalak.pl\/?s={search_term_string}\"},\"query-input\":{\"@type\":\"PropertyValueSpecification\",\"valueRequired\":true,\"valueName\":\"search_term_string\"}}],\"inLanguage\":\"pl-PL\"},{\"@type\":\"Organization\",\"@id\":\"https:\/\/sklepmalak.pl\/#organization\",\"name\":\"Sklep Malak\",\"alternateName\":\"Sklep Fundacji Malak\",\"url\":\"https:\/\/sklepmalak.pl\/\",\"logo\":{\"@type\":\"ImageObject\",\"inLanguage\":\"pl-PL\",\"@id\":\"https:\/\/sklepmalak.pl\/#\/schema\/logo\/image\/\",\"url\":\"https:\/\/fundacjamalak.pl\/sklep\/wp-content\/uploads\/2023\/09\/logo.malak-14-2.png\",\"contentUrl\":\"https:\/\/fundacjamalak.pl\/sklep\/wp-content\/uploads\/2023\/09\/logo.malak-14-2.png\",\"width\":355,\"height\":355,\"caption\":\"Sklep Malak\"},\"image\":{\"@id\":\"https:\/\/sklepmalak.pl\/#\/schema\/logo\/image\/\"},\"sameAs\":[\"https:\/\/www.facebook.com\/FundacjaMalak\",\"https:\/\/www.instagram.com\/fundacjamalak\"]}]}<\/script>\n<!-- \/ Yoast SEO plugin. -->","yoast_head_json":{"title":"Samodyscyplina mi\u0142o\u015bci - Aleksandra Murphy | Nowo\u015b\u0107! - Sklep Malak","robots":{"index":"index","follow":"follow","max-snippet":"max-snippet:-1","max-image-preview":"max-image-preview:large","max-video-preview":"max-video-preview:-1"},"canonical":"https:\/\/fundacjamalak.pl\/sklep\/produkt\/ksiazki\/samodyscyplina-milosci-aleksandra-murphy\/","og_locale":"pl_PL","og_type":"article","og_title":"Samodyscyplina mi\u0142o\u015bci - Aleksandra Murphy | Nowo\u015b\u0107! - Sklep Malak","og_description":"Samodyscyplina mi\u0142o\u015bci to styl \u017cycia, oparty na wolno\u015bci, odpowiedzialno\u015bci i praktyce \u015bwiadomego \u017cycia. To nauka mi\u0142o\u015bci do siebie, kt\u00f3ra staje si\u0119 fundamentem do budowania prawdziwych i silnych relacji z drugim Cz\u0142owiekiem i Stw\u00f3rc\u0105. Metoda\u00a010 krok\u00f3w samodyscypliny mi\u0142o\u015bci, opisana w ksi\u0105\u017cce, to mapa pracy nad sob\u0105 \u2013 oparta na wiedzy naukowej, do\u015bwiadczeniu i praktyce. To nie poradnik, ale droga do \u017cycia w pe\u0142ni! W jej centrum stoi jedno z najbardziej wymagaj\u0105cych przykaza\u0144 \"Kochaj bli\u017aniego swego, jak siebie samego\", bowiem nie dasz nikomu tego, czego sam nie masz!\u00a0","og_url":"https:\/\/fundacjamalak.pl\/sklep\/produkt\/ksiazki\/samodyscyplina-milosci-aleksandra-murphy\/","og_site_name":"Sklep Malak","article_publisher":"https:\/\/www.facebook.com\/FundacjaMalak","article_modified_time":"2026-04-08T20:32:30+00:00","og_image":[{"width":1280,"height":1588,"url":"https:\/\/fundacjamalak.pl\/sklep\/wp-content\/uploads\/2025\/09\/Samodyscyplina-milosci-Aleksandra-Murphy.png","type":"image\/png"}],"twitter_card":"summary_large_image","twitter_misc":{"Szacowany czas czytania":"1 minuta"},"schema":{"@context":"https:\/\/schema.org","@graph":[{"@type":"WebPage","@id":"https:\/\/fundacjamalak.pl\/sklep\/produkt\/ksiazki\/samodyscyplina-milosci-aleksandra-murphy\/","url":"https:\/\/fundacjamalak.pl\/sklep\/produkt\/ksiazki\/samodyscyplina-milosci-aleksandra-murphy\/","name":"Samodyscyplina mi\u0142o\u015bci - Aleksandra Murphy | Nowo\u015b\u0107! - Sklep Malak","isPartOf":{"@id":"https:\/\/sklepmalak.pl\/#website"},"primaryImageOfPage":{"@id":"https:\/\/fundacjamalak.pl\/sklep\/produkt\/ksiazki\/samodyscyplina-milosci-aleksandra-murphy\/#primaryimage"},"image":{"@id":"https:\/\/fundacjamalak.pl\/sklep\/produkt\/ksiazki\/samodyscyplina-milosci-aleksandra-murphy\/#primaryimage"},"thumbnailUrl":"https:\/\/fundacjamalak.pl\/sklep\/wp-content\/uploads\/2025\/09\/Samodyscyplina-milosci-Aleksandra-Murphy.png","datePublished":"2025-09-29T11:54:04+00:00","dateModified":"2026-04-08T20:32:30+00:00","breadcrumb":{"@id":"https:\/\/fundacjamalak.pl\/sklep\/produkt\/ksiazki\/samodyscyplina-milosci-aleksandra-murphy\/#breadcrumb"},"inLanguage":"pl-PL","potentialAction":[{"@type":"ReadAction","target":["https:\/\/fundacjamalak.pl\/sklep\/produkt\/ksiazki\/samodyscyplina-milosci-aleksandra-murphy\/"]}]},{"@type":"ImageObject","inLanguage":"pl-PL","@id":"https:\/\/fundacjamalak.pl\/sklep\/produkt\/ksiazki\/samodyscyplina-milosci-aleksandra-murphy\/#primaryimage","url":"https:\/\/fundacjamalak.pl\/sklep\/wp-content\/uploads\/2025\/09\/Samodyscyplina-milosci-Aleksandra-Murphy.png","contentUrl":"https:\/\/fundacjamalak.pl\/sklep\/wp-content\/uploads\/2025\/09\/Samodyscyplina-milosci-Aleksandra-Murphy.png","width":1280,"height":1588},{"@type":"BreadcrumbList","@id":"https:\/\/fundacjamalak.pl\/sklep\/produkt\/ksiazki\/samodyscyplina-milosci-aleksandra-murphy\/#breadcrumb","itemListElement":[{"@type":"ListItem","position":1,"name":"Strona g\u0142\u00f3wna","item":"https:\/\/sklepmalak.pl\/"},{"@type":"ListItem","position":2,"name":"Sklep","item":"https:\/\/sklepmalak.pl\/"},{"@type":"ListItem","position":3,"name":"Samodyscyplina mi\u0142o\u015bci &#8211; Aleksandra Murphy | Nowo\u015b\u0107!"}]},{"@type":"WebSite","@id":"https:\/\/sklepmalak.pl\/#website","url":"https:\/\/sklepmalak.pl\/","name":"Sklep Malak","description":"Nie ma zwyk\u0142ych chwil!","publisher":{"@id":"https:\/\/sklepmalak.pl\/#organization"},"potentialAction":[{"@type":"SearchAction","target":{"@type":"EntryPoint","urlTemplate":"https:\/\/sklepmalak.pl\/?s={search_term_string}"},"query-input":{"@type":"PropertyValueSpecification","valueRequired":true,"valueName":"search_term_string"}}],"inLanguage":"pl-PL"},{"@type":"Organization","@id":"https:\/\/sklepmalak.pl\/#organization","name":"Sklep Malak","alternateName":"Sklep Fundacji Malak","url":"https:\/\/sklepmalak.pl\/","logo":{"@type":"ImageObject","inLanguage":"pl-PL","@id":"https:\/\/sklepmalak.pl\/#\/schema\/logo\/image\/","url":"https:\/\/fundacjamalak.pl\/sklep\/wp-content\/uploads\/2023\/09\/logo.malak-14-2.png","contentUrl":"https:\/\/fundacjamalak.pl\/sklep\/wp-content\/uploads\/2023\/09\/logo.malak-14-2.png","width":355,"height":355,"caption":"Sklep Malak"},"image":{"@id":"https:\/\/sklepmalak.pl\/#\/schema\/logo\/image\/"},"sameAs":["https:\/\/www.facebook.com\/FundacjaMalak","https:\/\/www.instagram.com\/fundacjamalak"]}]}},"_links":{"self":[{"href":"https:\/\/fundacjamalak.pl\/sklep\/wp-json\/wp\/v2\/product\/8778","targetHints":{"allow":["GET"]}}],"collection":[{"href":"https:\/\/fundacjamalak.pl\/sklep\/wp-json\/wp\/v2\/product"}],"about":[{"href":"https:\/\/fundacjamalak.pl\/sklep\/wp-json\/wp\/v2\/types\/product"}],"wp:featuredmedia":[{"embeddable":true,"href":"https:\/\/fundacjamalak.pl\/sklep\/wp-json\/wp\/v2\/media\/8770"}],"wp:attachment":[{"href":"https:\/\/fundacjamalak.pl\/sklep\/wp-json\/wp\/v2\/media?parent=8778"}],"wp:term":[{"taxonomy":"product_brand","embeddable":true,"href":"https:\/\/fundacjamalak.pl\/sklep\/wp-json\/wp\/v2\/product_brand?post=8778"},{"taxonomy":"product_cat","embeddable":true,"href":"https:\/\/fundacjamalak.pl\/sklep\/wp-json\/wp\/v2\/product_cat?post=8778"},{"taxonomy":"product_tag","embeddable":true,"href":"https:\/\/fundacjamalak.pl\/sklep\/wp-json\/wp\/v2\/product_tag?post=8778"}],"curies":[{"name":"wp","href":"https:\/\/api.w.org\/{rel}","templated":true}]}}